common divisor of 7 and c?
7
Let a = -521 - -520. Let w be 14 + a - (-7 + 5 - 3). Calculate the highest common divisor of w and 648.
18
Suppose 873*z - 871*z = -382. Let y = z + 201. Suppose -5*v - 5*f + 52 = -193, -5*f - 205 = -4*v. What is the greatest common factor of y and v?
10
Let m(o) = o**2 + 18*o - 60. Let b be m(-19). Let h be 4/(16/(-12)) - b. Suppose 7*t + h - 94 = 0. Calculate the highest common factor of 20 and t.
4
Let j = 16 + -7. Suppose 2*m + j = 35. Let l(t) = t**3 - 26*t**2 + 3*t - 77. Let a be l(26). What is the greatest common factor of m and a?
1
Suppose 0 = 128*x - 23*x - 30135. What is the greatest common divisor of 1 and x?
1
Let x be (2 - 25/15)/(3/378) + 4. Calculate the greatest common factor of x and 22.
2
Let r(a) = 2*a**3 + 32*a**2 + 62*a - 158. Let w be r(-12). Calculate the greatest common divisor of 80 and w.
10
Let a be (14/7)/(4/66). Suppose a*k + 123 = 618. What is the greatest common factor of 3 and k?
3
Let z(n) be the first derivative of 4*n**3/3 - 25*n**2/2 + 43*n - 104. Let t be z(2). Calculate the greatest common factor of t and 99.
9
Let a(u) be the second derivative of u**5/20 + u**4 - 2*u**3/3 + 16*u**2 + u + 149. Let z be a(-10). What is the highest common factor of 51 and z?
17
Suppose 0 = -2*z - 3*c + 75, 0*z - 4*c = -5*z + 245. Suppose -5*j = -8*j + b + z, 0 = -2*j + 5*b + 17. What is the highest common divisor of j and 56?
8
Suppose 12*n + 4*k = 21*n - 11286, 3*n - 3762 = -3*k. What is the highest common factor of 88 and n?
22
Let o be (184/(-14))/((-3 + 2)/(2975/50)). What is the greatest common factor of 102 and o?
34
Let a be (-9)/6 + (-25)/(-10). Let s be (42/56)/(3*a/84). Let g be 3/6*-2*-7. Calculate the greatest common divisor of g and s.
7
Let n = 60 + -29. Let k be n/(-3)*-15 + -4. Let s = -31 + k. What is the highest common factor of s and 24?
24
Let a be (-4 - -4)*(-1)/(1 + 0). Suppose g = -a*g - 5*k, -k = 3*g - 42. Calculate the highest common divisor of g and 21.
3
Suppose 5*z - 84 = c + 174, -150 = -3*z - c. Calculate the highest common factor of z and 84.
3
Let v(q) = 17*q**2 + 5*q. Let c be v(-4). Let u(p) = 3*p - 33. Let j be u(30). Let y = c - j. Calculate the highest common divisor of y and 78.
39
Suppose 8*l - 36 = -572. Let w = 73 + l. What is the highest common factor of 6 and w?
6
Let t(l) = l**3 + 11*l**2 + 7*l - 1. Let q be t(-8). Let u = -4533 + 4623. Calculate the greatest common divisor of u and q.
45
Let f = 269 - 197. Suppose -l = 5, m + 2361 = 4*m + 3*l. What is the highest common divisor of f and m?
72
Let j(o) = -o**3 + 21*o**2 + 14*o - 16. Let n be j(18). Let g = n - 808. Calculate the highest common factor of g and 50.
50
Let y(n) = 163*n**2 + 3*n. Suppose h - 5*z = 14, -3*h + 4*z = -11 + 2. Let w be y(h). Calculate the greatest common divisor of 140 and w.
20
Let i = 10 + -5. Suppose 3*u + 5*r - 38 = u, i*r + 10 = 0. Suppose -21*a + 1908 = 648. Calculate the greatest common divisor of u and a.
12
Suppose -3*y + 651 = 2*v, -2*v - y = -0*v - 657. Suppose g + 3*g + 2*c = -308, 70 = -g + 3*c. Let x = 106 + g. Calculate the greatest common factor of v and x.
30
Suppose 35*p - 126 = 33*p. Let m be (12/20)/(1/30). Let t be (-2)/(5/3*m/(-315)). Calculate the greatest common factor of p and t.
21
Let c = -102 - -120. Let b be c/22 + (-46)/(-253). Calculate the highest common divisor of 1 and b.
1
Let h(r) = -r**3 - 18*r**2 + 206*r - 8. Let b be h(-26). Calculate the greatest common factor of 2354 and b.
22
Let i(a) be the first derivative of a**3/3 + 5*a**2/2 + 8*a + 3. Let f be i(-6). Let u = -1900 - -1970. What is the highest common divisor of u and f?
14
Let f be (-559755)/(-84) + 19/(-4) + 5. What is the greatest common factor of 136 and f?
136
Suppose x - 3 = -6 + 34. Suppose 3*u + 1054 = 5*u. What is the greatest common divisor of x and u?
31
Suppose -555 = -18*h - 501. What is the highest common factor of h and 2019?
3
Let c = -2261 + 2276. Calculate the greatest common factor of 423 and c.
3
Let m(n) = -22*n**2 + 396*n + 24. Let w be m(18). What is the highest common divisor of 1158 and w?
6
Suppose -3*w - 36 = 5*f + 11, 4*w - 5*f = -86. Let i = -15 - w. Suppose 3*d - 4*l = 4, -2*l = -0*d - 2*d + 6. Calculate the highest common factor of d and i.
4
Suppose 3 = 3*m + 3*u, 0 = -5*m - 4*u - 313 + 326. Suppose -144 = -2*s + s. What is the greatest common divisor of s and m?
9
Suppose q - 55 = 4*d + 69, -155 = 5*d - q. Let a = d + 38. Suppose 0 = k - 3, x - 9 = k + a. Calculate the highest common factor of 152 and x.
19
Let l(w) = -w + 1. Let v be l(-1). Suppose -v + 30 = 2*k. Let i(c) = -c**2 + 20*c - 20. Let u be i(k). What is the greatest common factor of u and 8?
8
Let w be -1 + 39 + 2 + -1. Suppose 0 = 116*v + 1955289 - 2002037. Calculate the highest common divisor of v and w.
13
Suppose 3*t + 295 = 2*l, 4*l - 258 = -5*t + 343. Calculate the greatest common factor of 4768 and l.
149
Suppose 2*i + 28 = 3*i. Let o be 9624/66 + 3 + 31/(-11). Suppose o*b - 142*b - 16 = 0. Calculate the greatest common factor of b and i.
4
Let c(w) = 379*w - 659. Let p be c(2). What is the greatest common factor of p and 558?
9
Let l be ((-338)/(-3))/(30/(-45)). Let a = l - -175. Suppose -3*d = 4*k - 2, 0 = -4*k - d + 4 + 2. What is the greatest common factor of k and a?
2
Suppose -n - 169*s = -164*s - 12, -5*n - 5*s + 100 = 0. Suppose 452 = 3*j - 373. Calculate the highest common divisor of n and j.
11
Let z be -2*(9/6 + (-4)/(-2)). Let f be (1/2)/(z/(-1330)). Let y be 2*(f/22 + 20/110). Calculate the highest common divisor of y and 63.
9
Suppose 10 = -b + 15. Let p be 4920/70 + (-2)/7. Suppose 0 = 10*f - p - 80. What is the highest common divisor of f and b?
5
Suppose -2*u - 5*j = 583, -j = -u + 3*j - 285. Let t = u - -304. Calculate the highest common divisor of t and 6.
3
Suppose -2*p - 224 = o - 16, 4*o = 2*p + 208. Let a = -96 - p. Let j be 2/(-6) - 219/(-9). What is the greatest common divisor of j and a?
8
Let t be 4/(-6)*(-9)/(-6). Let o = -237 - -168. Let q be (t + o)/((-3)/12). Calculate the highest common divisor of q and 40.
40
Suppose 53*j = 50*j + 2040. Suppose 2*n - 334 = -v, -6*n + 2*n + 4*v = -j. Calculate the greatest common factor of 36 and n.
12
Let j be 1 + (4 - 4) + -1 + 7. Let z(a) = a**3 - 6*a**2 - 9*a + 14. Let h be z(j). Suppose h = -2*v - 14 + 24. Calculate the highest common divisor of v and 5.
5
Let k(m) = 136*m - 941. Let l be k(7). Calculate the highest common divisor of 1 and l.
1
Let r = -462 - -453. Let f be (0 - r/(-3)) + (-8)/(-2). Let o be (22/(-4))/((-1)/2). What is the highest common factor of o and f?
1
Let w(g) = -g**2 + 7*g + 36. Let v be 2/(-9) - 249/(-27). Let f be w(v). Calculate the highest common factor of 27 and f.
9
Suppose 15*w - 2711 = 214. Suppose 19*g - 18 = 2946. What is the greatest common divisor of g and w?
39
Let j = 3054 + -3042. What is the highest common divisor of j and 22956?
12
Let k(q) = q**3 + 8*q**2 - 2*q - 5. Let n be k(-8). Suppose -v + 11 = 12. Let s be (v/2)/(((-2)/1)/4). Calculate the highest common factor of n and s.
1
Let n be (-172)/(-6) + (-2)/3. Suppose -13125 = 107*b - 482*b. Calculate the highest common divisor of b and n.
7
Let i = 4203 - 2703. Suppose 55*z = 50*z - i. Let v be (z/4)/(-2*3/6). What is the highest common factor of v and 30?
15
Suppose 5*k = -m - 36 + 133, 3*m + 4*k - 258 = 0. Let z = -22 - -63. Calculate the highest common divisor of m and z.
41
Suppose 11*r = 681 - 692. Let t be 14 - 1*(-6)/r. Let x = 20 + -14. What is the greatest common factor of t and x?
2
Let f = -26185 - -14905. Let g be f/(-80)*((-4)/6 - -1). Let l be 94/(-6)*-1*27. What is the greatest common factor of l and g?
47
Let o(g) = -164 + 15*g + 385 - 176. Let s(y) = -4*y + 1. Let f be s(-2). Let a be o(f). Calculate the greatest common factor of 36 and a.
36
Let g = 1734 + -1650. Calculate the greatest common factor of g and 372.
12
Suppose -154*s + 132*s + 10956 = 0. What is the greatest common divisor of 18 and s?
6
Suppose 0 = -2*g + 14, 3*x - 538 = 2*g - 0. What is the highest common factor of x and 621?
23
Let l be (-390 - 13)/(-31) + -10. Let i(q) = -4*q + 1. Let u be ((-2)/(-3))/(2/(-6)). Let n be i(u). Calculate the greatest common divisor of n and l.
3
Let h = 24028 - 23945. What is the highest common 